 = 3*o - 0*o. What is the highest common factor of t and 6?
6
Let q be (-2 - 1) + 292 + (1 - 3). Calculate the greatest common factor of 41 and q.
41
Let t(b) = 3*b - 3. Let f be t(2). Suppose 5*m - 117 = f. Calculate the highest common divisor of 60 and m.
12
Let m be (5 - 1 - 7) + 3 - -3. Let r = -16 + 49. What is the greatest common factor of m and r?
3
Let m = -118 - -186. Suppose 0 = -2*h + 6*h - m. Calculate the greatest common divisor of 187 and h.
17
Suppose 5*u = -4*j + 42, -12 = u - 5*u + 4*j. Calculate the greatest common factor of u and 6.
6
Let w be ((2/(-2))/1)/(-1). Let x be 27/(-15) + (-2)/10. Let d be 1/(3 + x + 0). Calculate the highest common factor of d and w.
1
Let p = 4 - -12. Let o(l) be the third derivative of 28*l**5/15 - l**2. Let d be o(-1). Calculate the highest common divisor of d and p.
16
Let x = 94 - 64. Calculate the highest common factor of 90 and x.
30
Let o be 2/((-4)/10)*(-6)/10. What is the highest common divisor of 3 and o?
3
Let f(j) = 43*j**3 - 2*j**2 + 1. Let a be f(1). What is the greatest common factor of a and 210?
42
Let w(h) = -2*h - 5. Let t be w(-7). Suppose -z = 2*z - t. Suppose -5*g = 5*o - 25, -g - o + z*o = 1. What is the highest common factor of g and 9?
3
Let w be -6*((-2)/(-4) - -1). Let h = 30 + w. Let u be (-1)/(-2)*2 + h. What is the highest common factor of 55 and u?
11
Suppose 0*d - 112 = -d. What is the highest common factor of 14 and d?
14
Suppose 17*x = 6*x + 1815. Suppose 0 = 5*f - 43 - 32. What is the highest common factor of x and f?
15
Let n be (-40)/(-18) - 2/45*5. What is the greatest common factor of n and 22?
2
Let t = -1 - -3. Let k be t/8 - 254/(-8). Suppose 5*i - 4*i = 8. Calculate the greatest common divisor of k and i.
8
Let p be 4356/27*6/4. What is the highest common divisor of p and 22?
22
Let g(t) = -2*t + 49. Let l be g(21). What is the highest common factor of 91 and l?
7
Let a be 106 - (-1)/(-4 - (-7)/2). What is the greatest common factor of 26 and a?
26
Let h be 0 + 0 - (7 - 0). Let m = h + 7. Suppose -8 = 4*a, -5*n + a - 5*a + 17 = m. Calculate the greatest common factor of n and 1.
1
Suppose -5*d + 175 = -430. Let u = d - 79. What is the highest common factor of u and 14?
14
Suppose -4*u = -3*n + 35, -n + 5 = -0*n. Let c = -4 - u. Calculate the greatest common factor of 8 and c.
1
Let y(o) = 4*o - 1. Let z be y(-1). Let r = z - -11. What is the highest common factor of r and 6?
6
Suppose 0 = -4*w + 3*s + 453, -24 - 235 = -2*w - 5*s. What is the highest common factor of w and 9?
9
Let m = 17 - 8. Suppose 3*d - 33 + 6 = 0. Calculate the greatest common divisor of m and d.
9
Let k = 13 + 4. Let z(y) = 5*y**3 - y**2 - y - 4. Let j = 7 + -4. Let m be z(j). What is the greatest common factor of m and k?
17
Let s be (-3)/(-9)*3 - -30*1. Calculate the greatest common factor of s and 124.
31
Let c be -3 + (2 - (16 - 1)). Let k be (-27 - 1 - 1)/(-1). Let f = c + k. Calculate the highest common divisor of f and 143.
13
Let g(k) = -27*k - 3. Suppose -u - d + 2 = 5, u - 3 = -4*d. Let y be g(u). Calculate the highest common factor of 12 and y.
12
Suppose 49*g + 5 = 50*g. What is the highest common divisor of g and 20?
5
Suppose -y - 13 + 15 = 0. Let s(p) = p**2 - 5*p + 7. Let u be s(5). Let h = u - y. Calculate the greatest common divisor of h and 1.
1
Let d = 69 + -41. Let t(o) = -o**3 - o**2 + 4. Let h = -2 - -2. Let p be t(h). Calculate the highest common factor of p and d.
4
Suppose 3*k + 3*b + 2*b - 7 = 0, 5*b - 15 = -5*k. Suppose 0*g + 72 = 2*g. Calculate the highest common factor of g and k.
4
Let h be -1*(-4 - 1) - -114. Let b be 2 - (1 - (86 + 0)). Suppose -4*a - 5*d = -36 - 42, -5*a - d + b = 0. What is the greatest common divisor of h and a?
17
Let o(c) = 5*c - 4. Let p be o(2). Calculate the highest common factor of p and 12.
6
Let f be 36/6*(-11)/(-3). Suppose 10*w = 5*w + 15, -3*w = -q + 145. Calculate the highest common divisor of f and q.
22
Let d(p) = p**3 + 7 + p + 5*p + 7*p**2 + 0*p. Let o be d(-6). Suppose -5*m + 98 = 2*q - 56, -5*m - 308 = -4*q. Calculate the highest common divisor of o and q.
7
Let x(r) = r - 8 + 4*r - 3*r. Let w be x(6). Calculate the greatest common factor of 10 and w.
2
Let j(i) = i**2 - 9*i - 1. Let o be j(8). Let m = o - -13. Suppose -m*z - 5*l + 38 = 0, -2 = -z - 4*l + 2. What is the greatest common divisor of z and 108?
12
Let i = 34 + -23. Let q be (-3)/(-9) + i/3. Suppose 0 = 6*w - w - 80. Calculate the highest common divisor of q and w.
4
Let c = -35 - -36. What is the highest common divisor of c and 19?
1
Let n(s) = 16*s + 8. Let g(k) = k**3 - 7*k**2 + 8*k - 5. Let z be g(6). Let o be n(z). Calculate the highest common divisor of 15 and o.
15
Let u(a) = -2*a + 5. Let j = -2 - -5. Let i = -2 - j. Let s be u(i). What is the highest common factor of 15 and s?
15
Let g(t) = 2*t**2 - 6*t - 4. Let a(v) = -2*v - 2. Let q be a(-4). Let l be g(q). What is the greatest common factor of l and 16?
16
Suppose -5*t - 51 + 131 = 0. Let h = 12 + -7. Suppose 0 = -h*p + 3*p, 3*b = 5*p + 12. Calculate the highest common factor of t and b.
4
Let d = 43 - 25. Suppose -313 = -3*r + 11. What is the highest common divisor of d and r?
18
Let g(d) = 21*d**2 + 2*d - 4. Let x be g(2). Calculate the greatest common factor of x and 12.
12
Suppose -3*n - 17 - 13 = 0. Let m = 29 + n. Let s = m - 11. Calculate the greatest common factor of 16 and s.
8
Let c be (1 - -44*1) + 3. Calculate the highest common divisor of 32 and c.
16
Let s(w) = -w**3 - 5*w**2 - 8*w - 6. Let u be s(-6). Suppose -a - 211 = -3*o - o, 0 = 4*a + 12. Calculate the highest common divisor of o and u.
26
Let p(o) = 6*o**3 - 2*o**2 + o. Let r be ((-7)/14)/(2/(-4)). Let h be p(r). What is the greatest common factor of 45 and h?
5
Suppose 0 = 4*b - 31 - 49. Let o = b + -10. Let c(z) = z**3 - 6*z**2 + 3*z. Let k be c(7). Calculate the highest common divisor of o and k.
10
Let s = -16 - -81. Calculate the highest common factor of s and 26.
13
Let u = -84 - -90. What is the highest common factor of u and 12?
6
Suppose -5*b = -4*b - 9. What is the highest common factor of b and 72?
9
Suppose 0 = -3*t + 2 + 1. Calculate the greatest common divisor of t and 1.
1
Let b be (-2)/5*2*5. Let x = b - -3. Let y be (4 - x - -2)*1. What is the greatest common factor of 14 and y?
7
Let f(b) = b + 13. Let o be f(-6). Let k = o - 4. Calculate the highest common factor of 21 and k.
3
Suppose g - 9*g + 200 = 0. Suppose z - 2*z = -g. Calculate the greatest common factor of 175 and z.
25
Suppose -2*r + 56 = -44. Let d = 17 - 7. What is the highest common factor of d and r?
10
Let s(v) be the first derivative of -5*v**2/2 - 3*v + 4. Let r be s(-2). Calculate the greatest common divisor of r and 28.
7
Let i be (-1184)/(-14) + ((-60)/(-35))/4. Calculate the greatest common factor of 34 and i.
17
Suppose 0 = -5*c + c + 32. What is the highest common factor of 8 and c?
8
Let z be 1/((-4)/(-48)*3). Calculate the greatest common divisor of z and 20.
4
Let g be 4/40*12*25. Let j(k) = -k - 3. Let r be j(0). Let u = 8 + r. Calculate the highest common divisor of g and u.
5
Let a(w) = w**3 - 2*w**2 - 3*w + 6. Let q be a(3). Suppose -3*b = -7*b + 12. What is the greatest common divisor of q and b?
3
Let f be 6/(-5)*(-10)/3. Let i = 22 + -19. Suppose 2 = f*k - i*k. Calculate the highest common divisor of k and 1.
1
Suppose 0*y - 4*y = -8. Let t = -27 + 32. Calculate the greatest common divisor of y and t.
1
Let w be 1 + 12*(-2)/(-3). Let h be (-18 + w/(-3))*1. Let y be h*(1 + -2 + 0). Calculate the greatest common divisor of 105 and y.
21
Suppose -5*v + 120 = -2*v. Suppose -3*p = -j - v, 0 = -2*p + p + j + 10. What is the highest common factor of 5 and p?
5
Suppose 17 + 87 = 5*l + 4*a, 5*l + a - 116 = 0. Let x = 7 + -5. Suppose x*d - d = -5*g + 85, g + 9 = 5*d. Calculate the highest common divisor of l and g.
8
Let t be ((-28)/35)/((-4)/50). Suppose -2*c + 212 = 3*u, -u - 296 = -2*c - c. Calculate the greatest common factor of c and t.
10
Suppose n + 2*n - 36 = -h, 0 = -h + 5*n + 12. What is the greatest common divisor of 135 and h?
27
Let k = 36 - 24. What is the highest common factor of 30 and k?
6
Suppose 0 = n + 2*i - 2, -4*n + 4 = 5*i - 1. Suppose 2*q + 3*q + 20 = n. Let s be ((-21)/(-6))/((-2)/q). What is the h